rime factors of y(0)?
2, 3
Let g = 0 - -3. Let a = g + 7. List the prime factors of a.
2, 5
Let p(h) = -h + 2. Let l(t) = -5*t**2 - 2*t + 1. Let v be l(1). Let m(q) = -q**2 - 5*q + 1. Let y be m(v). List the prime factors of p(y).
7
Let d = -23 - -93. List the prime factors of d.
2, 5, 7
Let c = -36 - -48. List the prime factors of c.
2, 3
Let t = 3 - 5. List the prime factors of (-1 - (-33)/(-6))*t.
13
Let u = 195 - -117. List the prime factors of u.
2, 3, 13
Suppose 2*j + 5*g - 29 = 0, j + 2*g - 8 = 2*j. Suppose -7 = -5*t - 4*z + 2, -j*z = 5*t - 17. List the prime factors of (-4)/(-10)*(0 + t).
2
Let t(v) = -11*v - 1. Let c(f) = -f**2 - f - 1. Let r be c(-1). List the prime factors of t(r).
2, 5
Suppose 2*l + 1 = 5. Suppose l*u - 30 = -0*u. Suppose 2*w + u = 5*w. What are the prime factors of w?
5
Let s be (39/(-2))/(6/(-12)). Let c = -23 + s. Suppose 4*p = -2*n + c, 0*p - p = 5*n - 22. What are the prime factors of n?
2
Let v = 748 - 508. List the prime factors of v.
2, 3, 5
Let f(b) = -b - 1. Let i(j) = -j**2 + 4*j - 6. Let g be i(4). List the prime factors of f(g).
5
Let z(g) = g**3 - 22*g**2 + 21*g + 31. What are the prime factors of z(21)?
31
Let a(g) = -g + 1. Let w be a(-2). Let n(z) = z**2 - z - 3. Let u be n(w). Suppose 4*l - 15 = -3*s + 8, 25 = 5*l + u*s. List the prime factors of l.
2
Suppose -7*m + 4*m = -333. What are the prime factors of m?
3, 37
Let f be (-5)/(5/2) + 4. Let i = -27 - -33. Suppose 0 = -3*h + f*h + i. List the prime factors of h.
2, 3
Let u(p) = p**3 - 9*p**2 + 8*p - 2. Let n be u(8). Let j = 3 - n. List the prime factors of j.
5
Suppose -3*c + n + 173 - 16 = 0, 2*c = 4*n + 108. List the prime factors of c.
2, 13
Let z(s) = -2*s**3 - s**2 - 2*s - 1. Let p(h) = h**3 + h. Let o(f) = p(f) + z(f). Let v be o(-2). Let n = v + 3. List the prime factors of n.
2
Let r be (-3)/(-6) + (-65)/2. Let l = -19 - r. List the prime factors of l.
13
Suppose -29*j - 531 = -32*j. What are the prime factors of j?
3, 59
Suppose 5 = 4*v + 5*s, 2*s + 10 = 2*v - 6. Let h(t) be the third derivative of -t**5/60 + 5*t**4/24 + 7*t**3/6 + t**2. List the prime factors of h(v).
7
Suppose 4*r - 144 = -0*r. List the prime factors of r.
2, 3
Let t(l) = -l**2 - 11*l - 3. List the prime factors of t(-5).
3
Suppose -2*c + 6 - 28 = 0. Let u = c - -15. List the prime factors of u.
2
Let l be ((-2)/4)/((-2)/(-4)). Let n be l/(198/201 + -1). Suppose 5*k - n = -7. List the prime factors of k.
2, 3
Suppose -5*v + 196 = -259. List the prime factors of v.
7, 13
Let b be (-2 - -256)/(-1 - -3). Suppose -3*s + 5 + b = 0. List the prime factors of s.
2, 11
Let v be ((-9)/27)/((-2)/(-6)). List the prime factors of -2 - v*172/4.
41
Suppose -2*c = -c - 2. Suppose -3*f + 12 = -3, 4*z - c*f + 38 = 0. Let u(o) = -o**3 - 7*o**2 - 2*o - 10. List the prime factors of u(z).
2
Let x(b) = -3*b**3 + 3*b**2 + 2*b + 1. List the prime factors of x(-3).
103
Suppose -39*t - 600 = -42*t. What are the prime factors of t?
2, 5
Let v be (-45)/6*(-2)/3. Suppose 3*i = -v*u + i + 219, 0 = -5*u + 3*i + 209. Let t = 60 - u. What are the prime factors of t?
17
Suppose 3*p = 1 + 5. Suppose 3*k + p*k - 25 = 0. What are the prime factors of k?
5
Let l(a) be the third derivative of a**7/2520 + a**6/360 - a**5/30 - a**2. Let w(t) be the third derivative of l(t). What are the prime factors of w(2)?
2, 3
Let x(d) = d**3 + 5*d**2 - 13*d + 7. List the prime factors of x(-6).
7
List the prime factors of (-9)/((0 - -2) + 21/(-9)).
3
Let y be 2/1*(-6)/(-3). Suppose -5*o + 12 - 2 = 0. Suppose -a + 5 = -x, 0 = -o*a + y*x - 4 + 16. What are the prime factors of a?
2
Let m = 48 + -20. Suppose 0*s = -2*s + m. Suppose -2*h + s = -6. What are the prime factors of h?
2, 5
Suppose -3*s - 4 = -4*s + 2*j, 2*j + 8 = 0. Let d be (-10)/s*(-6)/(-5). Suppose 3 = 4*w - 5*w, -d*n + 5*w = -39. List the prime factors of n.
2
List the prime factors of 116/5 - ((-6)/(-15))/2.
23
Let l(q) = q**2 - 6*q. Let d be 2/10 - (-174)/30. Let m be l(d). Suppose 3*f - f - 2*o - 12 = m, -54 = -5*f - 3*o. List the prime factors of f.
3
Let g(n) = -2*n**3 - n**2 - 3*n. List the prime factors of g(-3).
2, 3
Let i(p) = -p**3 - 7*p**2 - 9*p - 1. List the prime factors of i(-7).
2, 31
Suppose 2*m = 4*d - 18, -2*m - 17 = -d + m. Suppose 0 = -d*q - 6, 2*q = -p - 0*q - 2. List the prime factors of p.
2
Suppose 8*p - 3*p - 15 = 0. Let r = 6 - p. Suppose i = -r*x - 8 - 1, -5*i + 3*x + 45 = 0. What are the prime factors of i?
2, 3
Let u(r) = r**3 + 5*r**2 - 5*r - 5. Let k be u(-5). Suppose 4 = -4*q + k. List the prime factors of q.
2
Let w = -39 - -106. List the prime factors of w.
67
Let h(p) = 10*p**2 - 1 - p + 0 + 10*p**2. Let q be h(-1). What are the prime factors of (88/q)/(2/5)?
11
Let s(l) = -2*l - 3 - l**3 - 3*l**2 + 6 + l. Suppose 3*f + 2 + 7 = 0. List the prime factors of s(f).
2, 3
Suppose 2*b = 13 + 31. List the prime factors of b.
2, 11
Suppose -3*a - i = 2*a - 150, 2*i + 165 = 5*a. List the prime factors of a.
31
Let i(t) be the third derivative of 1/8*t**4 + t**2 + 0 - 1/2*t**3 + 0*t. List the prime factors of i(4).
3
List the prime factors of ((-6)/(-4))/((-1)/(-2)).
3
Let b(i) = -57*i - 7. List the prime factors of b(-4).
13, 17
Suppose -7*a = -19*a + 2832. List the prime factors of a.
2, 59
Suppose -v - 207 = -4*u, -4*u - 3*v + 166 + 61 = 0. Suppose -5*b + 131 = 3*x + u, -26 = -x + b. Suppose 5*k - 19 = x. What are the prime factors of k?
3
Let j = -6 - -9. Suppose -j*q - 20 = -5*q. List the prime factors of q.
2, 5
Let s(p) = -p**3 + 10*p**2 - 9*p + 12. Let h = -24 + 33. What are the prime factors of s(h)?
2, 3
List the prime factors of 31*(0 - (2 + -5)).
3, 31
List the prime factors of 1016/28 + (-4)/14.
2, 3
Let j(m) = -8*m**3 - 2*m**2 + 2. What are the prime factors of j(-2)?
2, 29
Let i be 4/(-20) + (-388)/10. Let h = i - -68. What are the prime factors of h?
29
Let b be 4/18 + 68/18. Let a = b - -1. Suppose -4*m - 12 = -4*t, -2*m + a*t = 2*m + 17. What are the prime factors of m?
2
Let n = 70 + -42. List the prime factors of n.
2, 7
Suppose 0 = -10*d + 15*d - 375. List the prime factors of d.
3, 5
Suppose -397 = -2*h - 0*r - r, -2*h + 385 = 5*r. List the prime factors of h.
2, 5
Suppose -96 = 2*b - 5*b. List the prime factors of b.
2
Let s(g) = -3*g**2 - 2*g**3 - 3 - g - 2*g + 1. What are the prime factors of s(-2)?
2
Suppose -4*t = -63 - 221. What are the prime factors of t?
71
Let q be (76 + -3)/((-2)/(-2)). Let u = -52 + q. List the prime factors of u.
3, 7
Let z = -29 - -82. List the prime factors of z.
53
List the prime factors of 436/5 + 96/120.
2, 11
Let u = -25 - -27. What are the prime factors of u?
2
Suppose -q = -26*q + 10250. What are the prime factors of q?
2, 5, 41
Let n be (0 - 0)/(-4 + 3). Let g(c) = c + 1. Let l be g(n). List the prime factors of 8 - 1*l/1.
7
Suppose 6*j + 10 = j. List the prime factors of j/(-4)*5*6.
3, 5
Suppose 2*n + 2*v - 62 = 0, -3*n + 68 = -v - v. Suppose 0 = 5*w - 19 - n. What are the prime factors of w?
3
Let n be (-2)/11 - 2/(-11). Suppose n = 4*a - 2*d - 29 - 5, d = 3*a - 24. Suppose -a = -m + 1. What are the prime factors of m?
2
Suppose -3*j - 2*j - 2*i + 575 = 0, -4*j + 432 = -4*i. List the prime factors of j.
113
Suppose 4*g + h = -3*h - 12, -2*h = -g - 6. List the prime factors of 22/1 + (0 - g).
2, 13
Suppose 2*f - 443 = 5*o, 5*f = o + 2*o + 1155. List the prime factors of f.
2, 3, 13
Let h be (-7 - -4)*(-4)/6. Let c(a) = 10*a + 1. What are the prime factors of c(h)?
3, 7
Let a be 4/(-14) - (-156)/(-42). Let q(i) = -6*i - 5. What are the prime factors of q(a)?
19
Let p = -515 - -772. What are the prime factors of p?
257
Suppose 0 = -4*h - 273 + 813. What are the prime factors of h?
3, 5
Let m = 144 + -73. List the prime factors of m.
71
Let l = 37 - 29. List the prime factors of l.
2
Suppose 9*h - 598 = 7*h. What are the prime factors of h?
13, 23
Let p(z) = -z**2 - 18*z + 23. List the prime factors of p(-19).
2
Let n(a) = a - 7. Let u be n(10). List the prime factors of 12/(-18) - (-104)/u.
2, 17
Suppose -2*i = -r - 144, -2*i + 3*r + 148 = -0*r. List the prime factors of i.
71
Let l(x) = x**2 + 9. Let y be l(0). Suppose 3*n = 3 + y. Suppose 2*w = n*w - 28. What are the prime factors of w?
2, 7
Let i = -40 + 63. Suppose 0 = -4*d - i + 119. List the prime factors of d.
